ed thousands digit of 266253162?
2
What is the tens digit of 507494362?
6
What is the hundred thousands digit of 2861179390?
1
What is the millions digit of 6393125?
6
What is the units digit of 1275623385?
5
What is the tens digit of 166574819?
1
What is the units digit of 66812891?
1
What is the hundreds digit of 342710509?
5
What is the units digit of 8047261455?
5
What is the tens digit of 10568656?
5
What is the units digit of 79968201?
1
What is the hundred thousands digit of 2120169266?
1
What is the tens digit of 15567703?
0
What is the ten thousands digit of 59338303?
3
What is the ten thousands digit of 3741157352?
5
What is the tens digit of 1977509792?
9
What is the ten millions digit of 7441099198?
4
What is the units digit of 24674289?
9
What is the ten thousands digit of 1826568289?
6
What is the tens digit of 388763950?
5
What is the ten thousands digit of 24894413?
9
What is the hundred millions digit of 3412235892?
4
What is the thousands digit of 19802979?
2
What is the units digit of 9759111?
1
What is the thousands digit of 655963873?
3
What is the hundred thousands digit of 65031305?
0
What is the hundred thousands digit of 781405323?
4
What is the units digit of 54221564?
4
What is the hundred thousands digit of 34129739?
1
What is the tens digit of 3496299914?
1
What is the thousands digit of 52625057?
5
What is the thousands digit of 68793712?
3
What is the billions digit of 1060252353?
1
What is the tens digit of 483342638?
3
What is the hundred millions digit of 165630872?
1
What is the hundred millions digit of 111253329?
1
What is the hundred thousands digit of 381393353?
3
What is the hundred thousands digit of 5329241?
3
What is the thousands digit of 187250831?
0
What is the ten thousands digit of 89951972?
5
What is the hundred thousands digit of 5325771686?
7
What is the ten thousands digit of 2146091334?
9
What is the hundred thousands digit of 109846804?
8
What is the hundred thousands digit of 3565816418?
8
What is the hundred thousands digit of 2151761613?
7
What is the thousands digit of 89573331?
3
What is the millions digit of 1699433032?
9
What is the hundreds digit of 135913008?
0
What is the tens digit of 3345249?
4
What is the hundred millions digit of 828126757?
8
What is the millions digit of 1020121009?
0
What is the tens digit of 605097132?
3
What is the millions digit of 2878150401?
8
What is the tens digit of 20481341?
4
What is the millions digit of 929209869?
9
What is the billions digit of 1753723305?
1
What is the hundreds digit of 52698480?
4
What is the tens digit of 5109232440?
4
What is the hundreds digit of 284997937?
9
What is the units digit of 488704880?
0
What is the thousands digit of 64481878?
1
What is the hundred millions digit of 6604036827?
6
What is the units digit of 123556544?
4
What is the hundreds digit of 62831573?
5
What is the hundred thousands digit of 105643416?
6
What is the hundreds digit of 1977635941?
9
What is the thousands digit of 72400604?
0
What is the hundred thousands digit of 21470728?
4
What is the hundreds digit of 70301920?
9
What is the tens digit of 68341516?
1
What is the ten millions digit of 6284262295?
8
What is the hundred thousands digit of 62524770?
5
What is the thousands digit of 65993579?
3
What is the thousands digit of 361191657?
1
What is the tens digit of 51991142?
4
What is the hundreds digit of 22926428?
4
What is the hundred thousands digit of 17684255?
6
What is the hundreds digit of 39734000?
0
What is the tens digit of 119332584?
8
What is the hundred thousands digit of 66142591?
1
What is the millions digit of 97017800?
7
What is the hundred thousands digit of 47683315?
6
What is the ten thousands digit of 7295767058?
6
What is the billions digit of 4828254045?
4
What is the thousands digit of 3020852981?
2
What is the thousands digit of 58882892?
2
What is the hundreds digit of 22137991?
9
What is the thousands digit of 7712163120?
3
What is the hundreds digit of 15063817?
8
What is the hundred thousands digit of 252140564?
1
What is the hundreds digit of 427166095?
0
What is the thousands digit of 56324650?
4
What is the tens digit of 1927162778?
7
What is the thousands digit of 108404327?
4
What is the thousands digit of 242856883?
6
What is the hundred thousands digit of 1476889190?
8
What is the hundred millions digit of 384190592?
3
What is the thousands digit of 865250444?
0
What is the tens digit of 1619154776?
7
What is the hundreds digit of 508451326?
3
What is the millions digit of 1160639839?
0
What is the ten thousands digit of 1657687421?
8
What is the billions digit of 1212254958?
1
What is the units digit of 61611353?
3
What is the units digit of 316099679?
9
What is the millions digit of 102299143?
2
What is the ten thousands digit of 37166721?
6
What is the ten thousands digit of 306387526?
8
What is the millions digit of 911484784?
1
What is the units digit of 6542260408?
8
What is the hundreds digit of 68574041?
0
What is the ten thousands digit of 48886715?
8
What is the tens digit of 5135642382?
8
What is the tens digit of 1055974957?
5
What is the millions digit of 127035675?
7
What is the hundreds digit of 46997676?
6
What is the ten millions digit of 96480917?
9
What is the millions digit of 359708531?
9
What is the thousands digit of 49216364?
6
What is the millions digit of 3827753378?
7
What is the units digit of 4103309306?
6
What is the millions digit of 174074264?
4
What is the millions digit of 488823361?
8
What is the hundred millions digit of 416020644?
4
What is the hundred thousands digit of 109994782?
9
What is the ten millions digit of 98490800?
9
What is the tens digit of 11774255?
5
What is the millions digit of 46341458?
6
What is the thousands digit of 181975466?
5
What is the millions digit of 399630951?
9
What is the tens digit of 2606156816?
1
What is the ten millions digit of 698360657?
9
What is the thousands digit of 6101410?
1
What is the thousands digit of 63586279?
6
What is the hundred thousands digit of 442082263?
0
What is the hundreds digit of 299202064?
0
What is the millions digit of 278488344?
8
What is the thousands digit of 78264746?
4
What is the ten millions digit of 399294035?
9
What is the hundred thousands digit of 15186721?
1
What is the ten thousands digit of 44777817?
7
What is the thousands digit of 361960659?
0
What is the hundred millions digit of 106067194?
1
What is the ten thousands digit of 77559649?
5
What is the ten thousands digit of 52613197?
1
What is the hundred thousands digit of 1029396957?
3
What is the units digit of 1548347267?
7
What is the millions digit of 39694792?
9
What is the ten thousands digit of 433851935?
5
What is the tens digit of 85590963?
6
What is the thousands digit of 27679184?
9
What is the hundreds digit of 361187088?
0
What is the tens digit of 996802656?
5
What is the thousands digit of 928521296?
1
What is the thousands digit of 330448688?
8
What is the hundred thousands digit of 286555385?
5
What is the hundred millions digit of 593546013?
5
What is the ten thousands digit of 232876857?
7
What is the units digit of 141999891?
1
What is the tens digit of 349860283?
8
What is the hundred thousands digit of 35281786?
2
What is the millions digit of 153998364?
3
What is the units digit of 12238329?
9
What is the ten millions digit of 48793867?
4
What is the hundreds digit of 740394732?
7
What is the billions digit of 7817477063?
7
What is the hundreds digit of 62424253?
2
What is the hundred thousands digit of 269794347?
7
What is the units digit of 3910730227?
7
What is the hundred thousands digit of 8911378?
9
What is the hundred thousands digit of 865889120?
8
What is the millions digit of 1397258706?
7
What is the millions digit of 364377195?
4
What is the hundred thousands digit of 1018301?
0
What is the millions digit of 160892895?
0
What is the ten thousands digit of 764349913?
4
What is the units digit of 365598751?
1
What is the ten millions digit of 1194205299?
9
What is the units digit of 614080713?
3
What is the tens digit of 81063702?
0
What is the units digit of 1051938925?
5
What is the ten millions digit of 22393360?
2
What is the millions digit of 1251641999?
1
What is the millions digit of 437543263?
